{"id":1555,"date":"2021-02-08T17:30:43","date_gmt":"2021-02-08T17:30:43","guid":{"rendered":"https:\/\/arcobalenocolorlab.it\/new\/shop\/?post_type=product&#038;p=1555"},"modified":"2025-08-12T11:27:08","modified_gmt":"2025-08-12T09:27:08","slug":"carta-abrasiva-con-velcro","status":"publish","type":"product","link":"https:\/\/arcobalenocolorlab.it\/shop\/prodotto\/accessori\/abrasivi-co\/carta-abrasiva-con-velcro\/","title":{"rendered":"Carta abrasiva con velcro &#8211; GALAXY 115mm x 20m Grip ROT"},"content":{"rendered":"<p>Galaxy \u00e8 l\u2019abrasivo tecnologico Mirka su film. I granuli ceramici di Mirka\u00ae Galaxy sono progettati per restare costantemente taglienti. Durante il processo di levigatura, i granuli si spezzano e riformano continuamente bordi affilati. Ci\u00f2 permette all\u2019abrasivo di continuare a lavorare pi\u00f9 rapidamente e per tempi pi\u00f9 estesi. La finitura delle grane fini, inoltre, \u00e8 estremamente compatta e facile da lucidare. Galaxy utilizza la foratura Multifit\u00ae, una disposizione ottimizzata dei fori che consente di applicare l\u2019abrasivo su qualsiasi platorello, senza necessit\u00e0 di allineare i fori di aspirazione. Per via delle sue ottime capacit\u00e0 di aspirazione della polvere e della sua eccellente resistenza all&#8217;intasamento e all\u2019usura, Mirka\u00ae Galaxy pu\u00f2 levigare vari tipi di superfici e materiali, sia teneri che duri, e pu\u00f2 essere impiegato in molteplici applicazioni in diversi settori, quali automotive, nautica e lavorazione del legno.<\/p>\n","protected":false},"excerpt":{"rendered":"<div class=\"row\">\n<h2 class=\"f-16 lh-24 f-bold m-b-3 u-print-label\">Utilizzare per<\/h2>\n<p class=\"m-b-6\">Levigatura<\/p>\n<h2 class=\"f-16 lh-24 f-bold m-b-3 u-print-label\">Materiali adatti<\/h2>\n<p class=\"m-b-6\">Acciaio, Acciaio dolce \/ acciaio al carbonio, Gel coat, Metallo non ferroso, Sverniciatura, Intonaco \/ stucco, Fibra di vetro, Materiale Sintetico, Truciolato\/pressato, Superfici solide, Acciaio inox, Compositi, Impiallacciati, Materie plastiche, Fondi, Levigatura della vernice, Stucchi per carrozzeria, Legni duri, Legni morbidi \/ resinosi, Lacche, MDF \/ HDF<\/p>\n<\/div>\n","protected":false},"featured_media":3985,"comment_status":"open","ping_status":"closed","template":"","meta":[],"product_brand":[],"product_cat":[312],"product_tag":[],"class_list":{"0":"post-1555","1":"product","2":"type-product","3":"status-publish","4":"has-post-thumbnail","6":"product_cat-abrasivi-co","8":"first","9":"instock","10":"taxable","11":"shipping-taxable","12":"purchasable","13":"product-type-variable"},"yoast_head":"<!-- This site is optimized with the Yoast SEO plugin v27.4 - https:\/\/yoast.com\/product\/yoast-seo-wordpress\/ -->\n<title>Carta abrasiva con velcro - GALAXY 115mm x 20m Grip ROT - Arcobaleno Colorlab<\/title>\n<meta name=\"robots\" content=\"index, follow, max-snippet:-1, max-image-preview:large, max-video-preview:-1\" \/>\n<link rel=\"canonical\" href=\"https:\/\/arcobalenocolorlab.it\/shop\/prodotto\/accessori\/abrasivi-co\/carta-abrasiva-con-velcro\/\" \/>\n<meta property=\"og:locale\" content=\"it_IT\" \/>\n<meta property=\"og:type\" content=\"article\" \/>\n<meta property=\"og:title\" content=\"Carta abrasiva con velcro - GALAXY 115mm x 20m Grip ROT - Arcobaleno Colorlab\" \/>\n<meta property=\"og:description\" content=\"Utilizzare per Levigatura  Materiali adatti Acciaio, Acciaio dolce \/ acciaio al carbonio, Gel coat, Metallo non ferroso, Sverniciatura, Intonaco \/ stucco, Fibra di vetro, Materiale Sintetico, Truciolato\/pressato, Superfici solide, Acciaio inox, Compositi, Impiallacciati, Materie plastiche, Fondi, Levigatura della vernice, Stucchi per carrozzeria, Legni duri, Legni morbidi \/ resinosi, Lacche, MDF \/ HDF\" \/>\n<meta property=\"og:url\" content=\"https:\/\/arcobalenocolorlab.it\/shop\/prodotto\/accessori\/abrasivi-co\/carta-abrasiva-con-velcro\/\" \/>\n<meta property=\"og:site_name\" content=\"Arcobaleno Colorlab\" \/>\n<meta property=\"article:modified_time\" content=\"2025-08-12T09:27:08+00:00\" \/>\n<meta property=\"og:image\" content=\"https:\/\/arcobalenocolorlab.it\/shop\/wp-content\/uploads\/2021\/02\/GALAXY-115-20-GRIP-0.webp\" \/>\n\t<meta property=\"og:image:width\" content=\"720\" \/>\n\t<meta property=\"og:image:height\" content=\"720\" \/>\n\t<meta property=\"og:image:type\" content=\"image\/webp\" \/>\n<meta name=\"twitter:card\" content=\"summary_large_image\" \/>\n<meta name=\"twitter:label1\" content=\"Tempo di lettura stimato\" \/>\n\t<meta name=\"twitter:data1\" content=\"1 minuto\" \/>\n<script type=\"application\/ld+json\" class=\"yoast-schema-graph\">{\"@context\":\"https:\\\/\\\/schema.org\",\"@graph\":[{\"@type\":\"WebPage\",\"@id\":\"https:\\\/\\\/arcobalenocolorlab.it\\\/shop\\\/prodotto\\\/accessori\\\/abrasivi-co\\\/carta-abrasiva-con-velcro\\\/\",\"url\":\"https:\\\/\\\/arcobalenocolorlab.it\\\/shop\\\/prodotto\\\/accessori\\\/abrasivi-co\\\/carta-abrasiva-con-velcro\\\/\",\"name\":\"Carta abrasiva con velcro - GALAXY 115mm x 20m Grip ROT - Arcobaleno Colorlab\",\"isPartOf\":{\"@id\":\"https:\\\/\\\/arcobalenocolorlab.it\\\/shop\\\/#website\"},\"primaryImageOfPage\":{\"@id\":\"https:\\\/\\\/arcobalenocolorlab.it\\\/shop\\\/prodotto\\\/accessori\\\/abrasivi-co\\\/carta-abrasiva-con-velcro\\\/#primaryimage\"},\"image\":{\"@id\":\"https:\\\/\\\/arcobalenocolorlab.it\\\/shop\\\/prodotto\\\/accessori\\\/abrasivi-co\\\/carta-abrasiva-con-velcro\\\/#primaryimage\"},\"thumbnailUrl\":\"https:\\\/\\\/arcobalenocolorlab.it\\\/shop\\\/wp-content\\\/uploads\\\/2021\\\/02\\\/GALAXY-115-20-GRIP-0.webp\",\"datePublished\":\"2021-02-08T17:30:43+00:00\",\"dateModified\":\"2025-08-12T09:27:08+00:00\",\"breadcrumb\":{\"@id\":\"https:\\\/\\\/arcobalenocolorlab.it\\\/shop\\\/prodotto\\\/accessori\\\/abrasivi-co\\\/carta-abrasiva-con-velcro\\\/#breadcrumb\"},\"inLanguage\":\"it-IT\",\"potentialAction\":[{\"@type\":\"ReadAction\",\"target\":[\"https:\\\/\\\/arcobalenocolorlab.it\\\/shop\\\/prodotto\\\/accessori\\\/abrasivi-co\\\/carta-abrasiva-con-velcro\\\/\"]}]},{\"@type\":\"ImageObject\",\"inLanguage\":\"it-IT\",\"@id\":\"https:\\\/\\\/arcobalenocolorlab.it\\\/shop\\\/prodotto\\\/accessori\\\/abrasivi-co\\\/carta-abrasiva-con-velcro\\\/#primaryimage\",\"url\":\"https:\\\/\\\/arcobalenocolorlab.it\\\/shop\\\/wp-content\\\/uploads\\\/2021\\\/02\\\/GALAXY-115-20-GRIP-0.webp\",\"contentUrl\":\"https:\\\/\\\/arcobalenocolorlab.it\\\/shop\\\/wp-content\\\/uploads\\\/2021\\\/02\\\/GALAXY-115-20-GRIP-0.webp\",\"width\":720,\"height\":720},{\"@type\":\"BreadcrumbList\",\"@id\":\"https:\\\/\\\/arcobalenocolorlab.it\\\/shop\\\/prodotto\\\/accessori\\\/abrasivi-co\\\/carta-abrasiva-con-velcro\\\/#breadcrumb\",\"itemListElement\":[{\"@type\":\"ListItem\",\"position\":1,\"name\":\"Home\",\"item\":\"https:\\\/\\\/arcobalenocolorlab.it\\\/shop\\\/\"},{\"@type\":\"ListItem\",\"position\":2,\"name\":\"Shop\",\"item\":\"https:\\\/\\\/arcobalenocolorlab.it\\\/shop\\\/shop\\\/\"},{\"@type\":\"ListItem\",\"position\":3,\"name\":\"Carta abrasiva con velcro &#8211; GALAXY 115mm x 20m Grip ROT\"}]},{\"@type\":\"WebSite\",\"@id\":\"https:\\\/\\\/arcobalenocolorlab.it\\\/shop\\\/#website\",\"url\":\"https:\\\/\\\/arcobalenocolorlab.it\\\/shop\\\/\",\"name\":\"Arcobaleno Colorlab\",\"description\":\"\",\"publisher\":{\"@id\":\"https:\\\/\\\/arcobalenocolorlab.it\\\/shop\\\/#organization\"},\"potentialAction\":[{\"@type\":\"SearchAction\",\"target\":{\"@type\":\"EntryPoint\",\"urlTemplate\":\"https:\\\/\\\/arcobalenocolorlab.it\\\/shop\\\/?s={search_term_string}\"},\"query-input\":{\"@type\":\"PropertyValueSpecification\",\"valueRequired\":true,\"valueName\":\"search_term_string\"}}],\"inLanguage\":\"it-IT\"},{\"@type\":\"Organization\",\"@id\":\"https:\\\/\\\/arcobalenocolorlab.it\\\/shop\\\/#organization\",\"name\":\"Arcobaleno Colorlab\",\"url\":\"https:\\\/\\\/arcobalenocolorlab.it\\\/shop\\\/\",\"logo\":{\"@type\":\"ImageObject\",\"inLanguage\":\"it-IT\",\"@id\":\"https:\\\/\\\/arcobalenocolorlab.it\\\/shop\\\/#\\\/schema\\\/logo\\\/image\\\/\",\"url\":\"https:\\\/\\\/arcobalenocolorlab.it\\\/shop\\\/wp-content\\\/uploads\\\/2020\\\/09\\\/logo-arcobaleno.png\",\"contentUrl\":\"https:\\\/\\\/arcobalenocolorlab.it\\\/shop\\\/wp-content\\\/uploads\\\/2020\\\/09\\\/logo-arcobaleno.png\",\"width\":300,\"height\":250,\"caption\":\"Arcobaleno Colorlab\"},\"image\":{\"@id\":\"https:\\\/\\\/arcobalenocolorlab.it\\\/shop\\\/#\\\/schema\\\/logo\\\/image\\\/\"}}]}<\/script>\n<!-- \/ Yoast SEO plugin. -->","yoast_head_json":{"title":"Carta abrasiva con velcro - GALAXY 115mm x 20m Grip ROT - Arcobaleno Colorlab","robots":{"index":"index","follow":"follow","max-snippet":"max-snippet:-1","max-image-preview":"max-image-preview:large","max-video-preview":"max-video-preview:-1"},"canonical":"https:\/\/arcobalenocolorlab.it\/shop\/prodotto\/accessori\/abrasivi-co\/carta-abrasiva-con-velcro\/","og_locale":"it_IT","og_type":"article","og_title":"Carta abrasiva con velcro - GALAXY 115mm x 20m Grip ROT - Arcobaleno Colorlab","og_description":"Utilizzare per Levigatura  Materiali adatti Acciaio, Acciaio dolce \/ acciaio al carbonio, Gel coat, Metallo non ferroso, Sverniciatura, Intonaco \/ stucco, Fibra di vetro, Materiale Sintetico, Truciolato\/pressato, Superfici solide, Acciaio inox, Compositi, Impiallacciati, Materie plastiche, Fondi, Levigatura della vernice, Stucchi per carrozzeria, Legni duri, Legni morbidi \/ resinosi, Lacche, MDF \/ HDF","og_url":"https:\/\/arcobalenocolorlab.it\/shop\/prodotto\/accessori\/abrasivi-co\/carta-abrasiva-con-velcro\/","og_site_name":"Arcobaleno Colorlab","article_modified_time":"2025-08-12T09:27:08+00:00","og_image":[{"width":720,"height":720,"url":"https:\/\/arcobalenocolorlab.it\/shop\/wp-content\/uploads\/2021\/02\/GALAXY-115-20-GRIP-0.webp","type":"image\/webp"}],"twitter_card":"summary_large_image","twitter_misc":{"Tempo di lettura stimato":"1 minuto"},"schema":{"@context":"https:\/\/schema.org","@graph":[{"@type":"WebPage","@id":"https:\/\/arcobalenocolorlab.it\/shop\/prodotto\/accessori\/abrasivi-co\/carta-abrasiva-con-velcro\/","url":"https:\/\/arcobalenocolorlab.it\/shop\/prodotto\/accessori\/abrasivi-co\/carta-abrasiva-con-velcro\/","name":"Carta abrasiva con velcro - GALAXY 115mm x 20m Grip ROT - Arcobaleno Colorlab","isPartOf":{"@id":"https:\/\/arcobalenocolorlab.it\/shop\/#website"},"primaryImageOfPage":{"@id":"https:\/\/arcobalenocolorlab.it\/shop\/prodotto\/accessori\/abrasivi-co\/carta-abrasiva-con-velcro\/#primaryimage"},"image":{"@id":"https:\/\/arcobalenocolorlab.it\/shop\/prodotto\/accessori\/abrasivi-co\/carta-abrasiva-con-velcro\/#primaryimage"},"thumbnailUrl":"https:\/\/arcobalenocolorlab.it\/shop\/wp-content\/uploads\/2021\/02\/GALAXY-115-20-GRIP-0.webp","datePublished":"2021-02-08T17:30:43+00:00","dateModified":"2025-08-12T09:27:08+00:00","breadcrumb":{"@id":"https:\/\/arcobalenocolorlab.it\/shop\/prodotto\/accessori\/abrasivi-co\/carta-abrasiva-con-velcro\/#breadcrumb"},"inLanguage":"it-IT","potentialAction":[{"@type":"ReadAction","target":["https:\/\/arcobalenocolorlab.it\/shop\/prodotto\/accessori\/abrasivi-co\/carta-abrasiva-con-velcro\/"]}]},{"@type":"ImageObject","inLanguage":"it-IT","@id":"https:\/\/arcobalenocolorlab.it\/shop\/prodotto\/accessori\/abrasivi-co\/carta-abrasiva-con-velcro\/#primaryimage","url":"https:\/\/arcobalenocolorlab.it\/shop\/wp-content\/uploads\/2021\/02\/GALAXY-115-20-GRIP-0.webp","contentUrl":"https:\/\/arcobalenocolorlab.it\/shop\/wp-content\/uploads\/2021\/02\/GALAXY-115-20-GRIP-0.webp","width":720,"height":720},{"@type":"BreadcrumbList","@id":"https:\/\/arcobalenocolorlab.it\/shop\/prodotto\/accessori\/abrasivi-co\/carta-abrasiva-con-velcro\/#breadcrumb","itemListElement":[{"@type":"ListItem","position":1,"name":"Home","item":"https:\/\/arcobalenocolorlab.it\/shop\/"},{"@type":"ListItem","position":2,"name":"Shop","item":"https:\/\/arcobalenocolorlab.it\/shop\/shop\/"},{"@type":"ListItem","position":3,"name":"Carta abrasiva con velcro &#8211; GALAXY 115mm x 20m Grip ROT"}]},{"@type":"WebSite","@id":"https:\/\/arcobalenocolorlab.it\/shop\/#website","url":"https:\/\/arcobalenocolorlab.it\/shop\/","name":"Arcobaleno Colorlab","description":"","publisher":{"@id":"https:\/\/arcobalenocolorlab.it\/shop\/#organization"},"potentialAction":[{"@type":"SearchAction","target":{"@type":"EntryPoint","urlTemplate":"https:\/\/arcobalenocolorlab.it\/shop\/?s={search_term_string}"},"query-input":{"@type":"PropertyValueSpecification","valueRequired":true,"valueName":"search_term_string"}}],"inLanguage":"it-IT"},{"@type":"Organization","@id":"https:\/\/arcobalenocolorlab.it\/shop\/#organization","name":"Arcobaleno Colorlab","url":"https:\/\/arcobalenocolorlab.it\/shop\/","logo":{"@type":"ImageObject","inLanguage":"it-IT","@id":"https:\/\/arcobalenocolorlab.it\/shop\/#\/schema\/logo\/image\/","url":"https:\/\/arcobalenocolorlab.it\/shop\/wp-content\/uploads\/2020\/09\/logo-arcobaleno.png","contentUrl":"https:\/\/arcobalenocolorlab.it\/shop\/wp-content\/uploads\/2020\/09\/logo-arcobaleno.png","width":300,"height":250,"caption":"Arcobaleno Colorlab"},"image":{"@id":"https:\/\/arcobalenocolorlab.it\/shop\/#\/schema\/logo\/image\/"}}]}},"jetpack_sharing_enabled":true,"_links":{"self":[{"href":"https:\/\/arcobalenocolorlab.it\/shop\/wp-json\/wp\/v2\/product\/1555","targetHints":{"allow":["GET"]}}],"collection":[{"href":"https:\/\/arcobalenocolorlab.it\/shop\/wp-json\/wp\/v2\/product"}],"about":[{"href":"https:\/\/arcobalenocolorlab.it\/shop\/wp-json\/wp\/v2\/types\/product"}],"replies":[{"embeddable":true,"href":"https:\/\/arcobalenocolorlab.it\/shop\/wp-json\/wp\/v2\/comments?post=1555"}],"wp:featuredmedia":[{"embeddable":true,"href":"https:\/\/arcobalenocolorlab.it\/shop\/wp-json\/wp\/v2\/media\/3985"}],"wp:attachment":[{"href":"https:\/\/arcobalenocolorlab.it\/shop\/wp-json\/wp\/v2\/media?parent=1555"}],"wp:term":[{"taxonomy":"product_brand","embeddable":true,"href":"https:\/\/arcobalenocolorlab.it\/shop\/wp-json\/wp\/v2\/product_brand?post=1555"},{"taxonomy":"product_cat","embeddable":true,"href":"https:\/\/arcobalenocolorlab.it\/shop\/wp-json\/wp\/v2\/product_cat?post=1555"},{"taxonomy":"product_tag","embeddable":true,"href":"https:\/\/arcobalenocolorlab.it\/shop\/wp-json\/wp\/v2\/product_tag?post=1555"}],"curies":[{"name":"wp","href":"https:\/\/api.w.org\/{rel}","templated":true}]}}